 divisor of g and 12?
4
Suppose -3*y + 8 = -y. Let j be (-17)/(-4) - 1/y. Suppose 4*g - j = -4*i, i = -2*g - 1 - 0. What is the greatest common factor of 15 and i?
3
Suppose -5*i = -4*t - 9 + 2, 0 = -4*t + 8. Let a be 3*-5*(4 - 5). Calculate the highest common factor of i and a.
3
Let p(s) = s**3 - 9*s**2 - s + 12. Let o be p(9). Suppose -40 + 130 = o*w. Calculate the highest common factor of w and 20.
10
Let c(s) = 3*s**2 - 13*s + 12. Let x be c(5). Suppose 3*v = 2*v + 22. What is the highest common divisor of x and v?
22
Suppose x - 42 = 5*d, -4*d + 156 = 3*x + 49. What is the highest common factor of 185 and x?
37
Let j(v) = -98*v + 2. Let f be j(-2). Calculate the greatest common divisor of 22 and f.
22
Let c be (-4)/(-6)*(3 + 30). Calculate the greatest common divisor of c and 33.
11
Let o(q) = -q**2 + 4*q + 35. Let t be o(0). Calculate the greatest common divisor of t and 14.
7
Let v(s) be the second derivative of s**5/20 - s**4/12 + 187*s**2/2 + 3*s. Let y be v(0). What is the highest common factor of 17 and y?
17
Let s(m) = 2*m - 1. Let u be s(7). Suppose -3*q + 211 = 2*g, -2*q - 411 = -4*g + 3*q. What is the greatest common factor of g and u?
13
Let q(g) = g**2 + 2*g + 4. Let f be q(-4). Suppose 5*b = -3*c + 159, -b + 6*c + 24 = 4*c. What is the highest common factor of b and f?
6
Let f be (0 - 2) + 1 + -7. Let s = -4 - f. Let u be s/8 - (-98)/4. What is the highest common divisor of 5 and u?
5
Suppose 2*l - 30 - 6 = 0. Let y be 20/1*l/8. Calculate the highest common factor of y and 18.
9
Suppose t = -t + 128. Suppose -4*l + 2*p = -10, -5*l + 0*l = -p - 11. Suppose -t = -6*w + l*w. What is the highest common divisor of 16 and w?
16
Let b be ((-20)/25)/((-4)/10). Suppose -5*v + 2*q = -96, 0 = -2*q + q + b. Let n be ((-162)/(-48))/9 + 37/8. Calculate the highest common factor of n and v.
5
Let o(i) = -2*i - 7. Let n be o(-6). Suppose -n*u = -3*u - 140. What is the highest common factor of 28 and u?
14
Let g = -16 + 70. What is the greatest common factor of 36 and g?
18
Let j(h) = -2*h - 3. Let a(o) = -o**2 - 5. Let n be a(0). Let x be j(n). Let z = 77 - 42. Calculate the greatest common divisor of x and z.
7
Suppose -3*f - 2*f + 5*m = 10, f = 5*m - 22. Suppose 0 = 2*g + 4*t - 32, -5*g + f*t = 6*t - 45. Calculate the highest common factor of 30 and g.
6
Let b = -6 + 24. What is the highest common factor of 162 and b?
18
Suppose 184 = -3*c + 64. Let y = -115 - -197. Let q = c + y. What is the greatest common factor of 14 and q?
14
Suppose 0 = -4*l + 136 - 16. Calculate the greatest common divisor of 90 and l.
30
Let u(p) = 10*p + 11. Let w be u(-11). Let j(a) = -81*a - 3. Let y be j(-2). Let b = y + w. What is the highest common factor of 24 and b?
12
Suppose -d = -3*l - 12, 0*d + d = 4*l + 10. What is the highest common divisor of 6 and d?
6
Let d be 27/(1/((-8)/(-12))). What is the highest common divisor of d and 27?
9
Suppose 3*a = 20 + 37. What is the greatest common factor of 190 and a?
19
Let w(y) = -3*y - 6. Let p be w(-5). Suppose 2*u = -u - p. Let t = u + 10. What is the greatest common divisor of 28 and t?
7
Suppose -9*t - 7 = -61. What is the greatest common factor of t and 30?
6
Let r be (-2)/((-3)/(33/2)). Suppose 4 = 3*i - r. Calculate the highest common divisor of i and 1.
1
Let a be (-22)/77 + (-164)/14. Let g(i) = -i**2 - 15*i - 15. Let b be g(a). Calculate the highest common divisor of b and 105.
21
Let b = -4 - -5. Let v be (1 + 18)/(0 + b). Let j = -1 + v. What is the greatest common factor of 18 and j?
18
Let w = 25 - 19. Let l(h) = -h + 10. Let n be l(6). Suppose n*q - 150 = -q. Calculate the highest common factor of w and q.
6
Let s be (-54)/6*(-10)/6. Let n = s + -9. Calculate the highest common divisor of 15 and n.
3
Suppose 4*x - 25 = -9. Suppose 53 + 15 = x*u. What is the highest common divisor of 119 and u?
17
Let z = -65 + 86. What is the highest common factor of z and 63?
21
Let t = -101 - -155. What is the greatest common divisor of 36 and t?
18
Let u = 196 - 84. Let g = u - 62. What is the greatest common divisor of 10 and g?
10
Suppose -5*n = -10*n. Suppose 0 = 3*p - n*l + 2*l + 5, 6 = 2*p - l. Let z(y) = y - 6. Let f be z(8). What is the highest common divisor of p and f?
1
Suppose 3*y - 20 = -y, -y + 7 = h. Let n(r) = -4*r + 4 - r**2 + 0*r**2 + 0 - h*r. Let c be n(-5). What is the highest common factor of c and 6?
3
Suppose r - 20 = 6*r, 0 = -4*s + 4*r + 144. Let g = 80 - s. What is the highest common divisor of g and 32?
16
Let v(y) = 3*y**2 - 5*y + 2. Let d(j) = j**2 + 3*j - 3. Let z be d(-3). Let c = 6 + z. Let n be v(c). Calculate the highest common divisor of 21 and n.
7
Suppose 22 = -2*p + 100. Suppose 33 + 19 = 2*a. What is the greatest common divisor of a and p?
13
Suppose 0*v = -5*k + 4*v + 2, -k = -v. Suppose 2*n = 3*y - 17, -2*n = -0*n + k. What is the highest common divisor of y and 5?
5
Let m(l) = -7*l**2 - 11*l - 16. Let x(i) = i**2. Let g(y) = -m(y) - 6*x(y). Let w be g(-11). Calculate the highest common factor of 176 and w.
16
Suppose 3*p - c - 60 = 2*c, -2*p - c = -28. Calculate the highest common divisor of 8 and p.
8
Let c = 2 - 1. Let p be ((2 - 4) + 5)/c. Suppose 0 = -0*i + p*i - 231. Calculate the highest common factor of 11 and i.
11
Suppose -5*a - 135 = -5*x - 0*a, x - 2*a = 31. Calculate the highest common factor of x and 46.
23
Suppose 2*v - 7 = 4*o + 9, -2*o - 26 = -4*v. Let l(m) = -m**2 - 8*m + 2. Let y = -16 + 8. Let k be l(y). What is the greatest common divisor of v and k?
2
Suppose 0 = 5*i + 1 + 44. Let s(o) = -o**3 - 9*o**2 - 4*o - 12. Let c be s(i). Calculate the greatest common divisor of 4 and c.
4
Let m = -3 + 11. What is the highest common divisor of m and 56?
8
Suppose -n = 2*n - 36. Let s = -56 + 104. What is the highest common divisor of s and n?
12
Suppose -7 + 27 = 5*m. Calculate the greatest common factor of 1 and m.
1
Let g = 4 + -1. Let a = 1 - -2. Calculate the highest common divisor of g and a.
3
Let y = 162 - 72. Let f = 32 - 22. What is the greatest common factor of y and f?
10
Let q = 130 + -70. What is the greatest common factor of q and 12?
12
Let g = -541 - -937. What is the highest common factor of 36 and g?
36
Suppose -2*s = -37 - 53. Let h(p) = p**3 + 5*p**2 + 4*p - 1. Let b be h(-3). What is the highest common divisor of s and b?
5
Suppose 12 = 4*g, 3*c = -2*g + 6*g + 27. Calculate the greatest common factor of c and 117.
13
Let b be 1/(-2) + (-85)/(-2). Suppose 0 = 4*w - 6*x + x - 445, 5*x = 2*w - 235. Calculate the greatest common factor of b and w.
21
Let y(g) = -g**3 - 5*g**2 + 9*g + 6. Let w be y(-6). Let b = w - -13. Calculate the greatest common factor of 8 and b.
1
Suppose 0*c + 90 = 5*c. Suppose -73 = -5*r - 2*l, -c = -2*r + r + 3*l. What is the highest common divisor of 6 and r?
3
Suppose -s + 7 - 11 = 0. Let d = -1 - -6. Let j = d + s. Calculate the greatest common factor of 3 and j.
1
Let b(n) = -2*n**2 + 27*n - 5. Let g be b(13). Calculate the highest common factor of 168 and g.
8
Suppose -p + 3*l = -67, -l + 73 = p + 2*l. Suppose -2*z - 10 = -3*z. What is the highest common divisor of z and p?
10
Let t be (-392)/(-22) - 12/(-66). What is the greatest common divisor of 6 and t?
6
Let v be (-6)/27 - 38/(-9). Suppose y - 24 = -v*w, -7*y + 3*y + 3*w = -77. What is the greatest common factor of y and 180?
20
Suppose 0 = p - 2*q - 12, 3*q + 1 = -2*p - 3. Calculate the highest common factor of p and 20.
4
Let z = 21 + -5. Let g(t) = -t - 2. Let l be g(-6). Suppose s + l*j - 14 - 6 = 0, -5*j = -5. What is the greatest common factor of z and s?
16
Let q = -36 + 37. Calculate the greatest common divisor of q and 11.
1
Let t = -75 + 195. Let k(s) = 2*s + 6. Let q be k(-2). Suppose t = 4*g - 4*r, q*g = 5*r - r + 60. What is the highest common divisor of g and 10?
10
Let i = -5 + 7. Suppose 0*r = -r + i. Suppose -p - 4 = -t, -4*t - 4*p = -3*p - 36. What is the greatest common factor of t and r?
2
Let m = 1 + 2. Suppose -2*v + 58 = 5*l, -5*l + 97 = -v + 4*v. Let o = v + -15. Calculate the highest common factor of o and m.
3
Let f = -2 + 20. Let c be (-12)/10*(-10)/2. What is the highest common divisor of f and c?
6
Let w be 4 - 0/1*-1. Suppose -3*d - 5*c = -2*d + 20, 3*c = -5*d - 12. Suppose d = -w*t - t + 225. Calculate the highest common fa